
2, 131, 193
What are the prime factors of 9395?
5, 1879
List the prime factors of 31532.
2, 7883
What are the prime factors of 50787?
3, 11, 19
List the prime factors of 2578.
2, 1289
List the prime factors of 8935.
5, 1787
List the prime factors of 100297.
100297
What are the prime factors of 1213?
1213
List the prime factors of 12814.
2, 43, 149
List the prime factors of 43105.
5, 37, 233
List the prime factors of 7002.
2, 3, 389
What are the prime factors of 1366?
2, 683
What are the prime factors of 30122?
2, 15061
What are the prime factors of 4856?
2, 607
List the prime factors of 131238.
2, 3, 23, 317
List the prime factors of 3648.
2, 3, 19
List the prime factors of 4647.
3, 1549
What are the prime factors of 1183?
7, 13
What are the prime factors of 30670?
2, 5, 3067
What are the prime factors of 4984?
2, 7, 89
List the prime factors of 192.
2, 3
List the prime factors of 18765.
3, 5, 139
What are the prime factors of 49965?
3, 5, 3331
List the prime factors of 642.
2, 3, 107
What are the prime factors of 12927?
3, 31, 139
What are the prime factors of 7388?
2, 1847
List the prime factors of 10350.
2, 3, 5, 23
What are the prime factors of 3329?
3329
What are the prime factors of 8908?
2, 17, 131
List the prime factors of 1583.
1583
List the prime factors of 4718.
2, 7, 337
List the prime factors of 619.
619
List the prime factors of 125873.
11, 11443
List the prime factors of 13929.
3, 4643
List the prime factors of 768.
2, 3
List the prime factors of 1149.
3, 383
What are the prime factors of 422?
2, 211
What are the prime factors of 41257?
41257
List the prime factors of 7069.
7069
List the prime factors of 20090.
2, 5, 7, 41
List the prime factors of 419.
419
What are the prime factors of 30833?
11, 2803
List the prime factors of 19566.
2, 3, 1087
List the prime factors of 10227.
3, 7, 487
List the prime factors of 419.
419
What are the prime factors of 22302?
2, 3, 7, 59
List the prime factors of 3539.
3539
List the prime factors of 3352.
2, 419
What are the prime factors of 56798?
2, 7, 4057
List the prime factors of 3329.
3329
What are the prime factors of 47248?
2, 2953
What are the prime factors of 1005?
3, 5, 67
What are the prime factors of 2155?
5, 431
List the prime factors of 2849.
7, 11, 37
List the prime factors of 9733.
9733
List the prime factors of 73.
73
What are the prime factors of 50?
2, 5
List the prime factors of 906.
2, 3, 151
What are the prime factors of 412?
2, 103
List the prime factors of 3396.
2, 3, 283
List the prime factors of 139775.
5, 5591
What are the prime factors of 428?
2, 107
List the prime factors of 1734.
2, 3, 17
What are the prime factors of 3483?
3, 43
List the prime factors of 1282.
2, 641
List the prime factors of 25897.
19, 29, 47
What are the prime factors of 78146?
2, 41, 953
What are the prime factors of 4449?
3, 1483
What are the prime factors of 1158?
2, 3, 193
What are the prime factors of 1075?
5, 43
List the prime factors of 6865.
5, 1373
List the prime factors of 7849.
47, 167
What are the prime factors of 34?
2, 17
List the prime factors of 1082.
2, 541
List the prime factors of 9545.
5, 23, 83
List the prime factors of 1791.
3, 199
What are the prime factors of 4650?
2, 3, 5, 31
List the prime factors of 162.
2, 3
What are the prime factors of 522?
2, 3, 29
What are the prime factors of 4064?
2, 127
What are the prime factors of 2503?
2503
List the prime factors of 30298.
2, 15149
List the prime factors of 5014.
2, 23, 109
List the prime factors of 8592.
2, 3, 179
What are the prime factors of 9131?
23, 397
What are the prime factors of 53?
53
What are the prime factors of 20823?
3, 11, 631
What are the prime factors of 16516?
2, 4129
What are the prime factors of 8336?
2, 521
List the prime factors of 675.
3, 5
What are the prime factors of 26860?
2, 5, 17, 79
What are the prime factors of 8782?
2, 4391
What are the prime factors of 138746?
2, 173, 401
What are the prime factors of 51873?
3, 17291
List the prime factors of 30724.
2, 7681
List the prime factors of 543.
3, 181
List the prime factors of 9690.
2, 3, 5, 17, 19
List the prime factors of 2320.
2, 5, 29
List the prime factors of 3078.
2, 3, 19
List the prime factors of 1189.
29, 41
List the prime factors of 4475.
5, 179
List the prime factors of 3673.
3673
List the prime factors of 15997.
17, 941
List the prime factors of 23881.
11, 13, 167
List the prime factors of 48027.
3, 7, 2287
What are the prime factors of 359?
359
List the prime factors of 4768.
2, 149
What are the prime factors of 19983?
3, 6661
List the prime factors of 21760.
2, 5, 17
What are the prime factors of 107443?
7, 15349
What are the prime factors of 6724?
2, 41
List the prime factors of 5837.
13, 449
What are the prime factors of 89990?
2, 5, 8999
What are the prime factors of 1933?
1933
What are the prime factors of 24802?
2, 12401
What are the prime factors of 18367?
18367
What are the prime factors of 9982?
2, 7, 23, 31
List the prime factors of 3807.
3, 47
List the prime factors of 48239.
48239
What are the prime factors of 868?
2, 7, 31
What are the prime factors of 55240?
2, 5, 1381
List the prime factors of 15639.
3, 13, 401
What are the prime factors of 18774?
2, 3, 7, 149
List the prime factors of 169695.
3, 5, 419
List the prime factors of 410.
2, 5, 41
What are the prime factors of 3194?
2, 1597
What are the prime factors of 1429?
1429
List the prime factors of 88925.
5, 3557
List the prime factors of 32345.
5, 6469
What are the prime factors of 679?
7, 97
List the prime factors of 34571.
181, 191
What are the prime factors of 2796?
2, 3, 233
List the prime factors of 105491.
105491
List the prime factors of 177024.
2, 3, 461
List the prime factors of 15039.
3, 557
What are the prime factors of 3565?
5, 23, 31
What are the prime factors of 659?
659
List the prime factors of 1159.
19, 61
List the prime factors of 20296.
2, 43, 59
List the prime factors of 255.
3, 5, 17
What are the prime factors of 953?
953
What are the prime factors of 1125?
3, 5
What are the prime factors of 217?
7, 31
What are the prime factors of 2948?
2, 11, 67
What are the prime factors of 1556?
2, 389
What are the prime factors of 10652?
2, 2663
List the prime factors of 7529.
7529
What are the prime factors of 2471?
7, 353
What are the prime factors of 1124?
2, 281
List the prime factors of 37899.
3, 4211
List the prime factors of 11121.
3, 11, 337
What are the prime factors of 74470?
2, 5, 11, 677
List the prime factors of 21938.
2, 7, 1567
List the prime factors of 41816.
2, 5227
List the prime factors of 7253.
7253
List the prime factors of 74561.
74561
List the prime factors of 6251.
7, 19, 47
List the prime factors of 10552.
2, 1319
What are the prime factors of 29757?
3, 7, 13, 109
List the prime factors of 699.
3, 233
List the prime factors of 918.
2, 3, 17
List the prime factors of 28442.
2, 14221
List the prime factors of 2979.
3, 331
What are the prime factors of 3428?
2, 857
What are the prime factors of 1173?
3, 17, 23
What are the prime factors of 538?
2, 269
What are the prime factors of 1905?
3, 5, 127
What are the prime factors of 58765?
5, 7, 23, 73
What are the prime factors of 89829?
3, 1109
List the prime factors of 27108.
2, 3, 251
List the prime factors of 21870.
2, 3, 5
List the prime factors of 3996.
2, 3, 37
List the prime factors of 340.
2, 5, 17
What are the prime factors of 3199?
7, 457
List the prime factors of 5177.
31, 167
What are the prime factors of 10140?
2, 3, 5, 13
List the prime factors of 18153.
3, 2017
List the prime factors of 788.
2, 197
List the prime factors of 19531.
19531
What are the prime factors of 24011?
13, 1847
What are the prime factors of 16161?
3, 5387
What are the prime factors of 1572?
2, 3, 131
What are the prime factors of 5004?
2, 3, 139
What are the prime factors of 621?
3, 23
List the prime factors of 581.
7, 83
List the prime factors of 1207.
17, 71
What are the prime factors of 421?
421
List the prime factors of 6941.
11, 631
What are the prime factors of 34294?
2, 13, 1319
List the prime factors of 272.
2, 17
What are the prime factors of 69816?
2, 3, 2909
What are the prime factors of 2933?
7, 419
What are the prime factors of 720?
2, 3, 5
What are the prime factors of 773?
773
What are t